ommon divisor of j and 5.
5
Let i = -1423 + 1863. Calculate the highest common factor of 165 and i.
55
Suppose -5*i + 353 + 395 = 4*c, 0 = 4*i - 3*c - 617. Let a = 1372 - 1370. Let v = i + a. Calculate the greatest common factor of 14 and v.
14
Let r be 4*489/6 + -3 + -2. Calculate the greatest common factor of r and 856.
107
Suppose -3*f + 85 = 2*k, 24*f - 26*f + 5*k = -25. Calculate the highest common divisor of 2 and f.
1
Suppose 4479 - 5079 = -3*k. What is the greatest common divisor of 50 and k?
50
Suppose -60*l = -2*p - 61*l + 13, -4*l = -20. Let s = 18 - 10. Calculate the highest common factor of p and s.
4
Let w = 12 + -10. Suppose i - 38 = -0*r - w*r, 2*r = 3*i - 106. What is the greatest common factor of i and 24?
12
Suppose 0 = 3*q - c - 99, 3*q + 0*q + 2*c = 90. What is the greatest common factor of q and 8?
8
Suppose 0 = -p + 1 + 15. Suppose -i + 1 = -z, 4*i - 8 = -z + p. Calculate the highest common factor of 44 and z.
4
Let q = 2132 + -1967. Calculate the greatest common divisor of q and 135.
15
Suppose -2*z + 77*f = 81*f - 2670, 3*z + 3*f = 4017. What is the highest common divisor of z and 17?
17
Suppose -51 = -2*b - 15*b. Suppose -a + 119 = s, b*a = 2*s + a - 218. What is the greatest common factor of s and 6?
6
Suppose 30*q - 425 - 175 = 0. Calculate the highest common divisor of 500 and q.
20
Let g = -494 + 504. What is the highest common factor of g and 125?
5
Let k be 1/3 + 5200/240. What is the highest common factor of k and 1793?
11
Suppose -9*y + 5*y + 64 = l, 2*l + y = 163. Calculate the highest common divisor of 60 and l.
12
Let f(u) = -738*u**3 - u**2 + 3*u + 3. Let s be f(-1). Calculate the highest common divisor of s and 11.
11
Let n be 2/6 - 44/6. Let i(v) be the third derivative of -v**4/12 + v**3/3 + 65*v**2. Let g be i(n). What is the highest common divisor of g and 16?
16
Let o = -3343 + 3344. Let b = -5 - -9. What is the highest common divisor of b and o?
1
Suppose -2*w + 17 + 35 = 0. Let o be (3/(-6))/((-1)/w). Let u be (104/24)/((-1)/(-3)). Calculate the highest common factor of o and u.
13
Let m(p) = -p**2 - 6*p - 11. Let v be m(-6). Let z = -11 - v. Suppose z = -2*k + 5*k - 42. Calculate the highest common factor of 56 and k.
14
Let k(x) = 49*x**2 - 13*x - 12. Let i be k(-1). Calculate the greatest common divisor of i and 10.
10
Suppose -3 - 9 = -q. Let k = -5 + 29. What is the greatest common factor of q and k?
12
Let x = -26 + 37. Suppose -x*d = -12*d + 1. What is the greatest common factor of d and 7?
1
Let d(o) = -44*o + 247. Let h be d(-41). Calculate the greatest common divisor of h and 7.
7
Let o be (-3)/(-7) + (-249)/(-7). What is the greatest common divisor of o and 60?
12
Let q(h) = 5*h - 4. Let x be q(6). Let g = -763 + 776. Suppose z - x = g. What is the greatest common divisor of z and 13?
13
Suppose 4*i - 26 = 166. What is the highest common factor of 60 and i?
12
Let x(j) be the second derivative of 2*j**3/3 + 3*j**2/2 + 9*j. Let q be x(1). Calculate the greatest common divisor of 56 and q.
7
Suppose 0 = -3*c + 15, 4*r - 170 - 169 = 5*c. Suppose 0 = 7*b + 20 - 111. What is the highest common divisor of b and r?
13
Suppose -22*g + 25*g = 24. Suppose 12 = -3*i - 3*f + 3, 0 = -i - 2*f - 8. What is the highest common factor of i and g?
2
Suppose -a + 124 = 2*c - 651, 2*a = -3*c + 1550. What is the greatest common factor of a and 50?
25
Suppose 133 = 10*t + 23. Calculate the greatest common divisor of t and 11.
11
Let c = 14 + -11. Let f be c - (1 - 0) - -17. What is the highest common divisor of f and 57?
19
Let u = -147 + 162. Suppose -208 - 26 = -3*f. Let h = 27 + f. What is the highest common divisor of u and h?
15
Let l = 729 + -723. Calculate the greatest common factor of l and 420.
6
Let h(y) = y**2 + 4. Let j be h(2). Let t = -18 - -30. Suppose 5*p - 32 = 2*o + 18, 4*o + t = -p. Calculate the highest common factor of j and p.
8
Let v be ((-7 - -7) + (-40)/6)*-39. What is the highest common divisor of v and 100?
20
Let n(g) = 2*g**2 + 9*g + 9. Let w be 14/8*4*-1. Let u be n(w). What is the highest common divisor of u and 110?
22
Suppose 5*q - 80 = -2*y, 19*q - 38 = 18*q + 4*y. Calculate the highest common factor of q and 18.
18
Suppose 4*x = -4*a + 632, 4*x = 4*a + 5*x - 620. Let d be -21*2/(-24)*8. Calculate the highest common factor of d and a.
14
Let t be (-4)/16 + 45/4. Suppose -216*v = -a - 214*v + 73, 4*v = -2*a + 162. What is the highest common factor of a and t?
11
Let s(i) = -i**2 - 5*i + 3. Let k be s(-7). Let t = k + 21. Suppose -6*c - 140 = -8*c. What is the highest common factor of c and t?
10
Suppose 2*u - 334 = 524. Calculate the highest common divisor of 33 and u.
33
Let r be ((-65)/(-20))/(8/1952). What is the greatest common divisor of 13 and r?
13
Suppose 9*b + 2912 = 22*b. Suppose -101 - 245 = -5*i + 4*m, 4*i = -5*m + 244. Suppose i - 10 = 2*q. What is the greatest common factor of q and b?
28
Let s = 36 + -82. Let k be 7/(14/(-52)) + -1. Let w = k - s. What is the greatest common factor of w and 38?
19
Let p be (-6)/3 + 13/(26/1152). What is the greatest common divisor of p and 41?
41
Let b be 13/((-26)/(-324)) + -10. Calculate the highest common divisor of 128 and b.
8
Let k be (-2 - 0)/(4/(-8)). Let n be 3 + -4 - (1 - k). Suppose 2*l + 112 = -5*b + 608, n*b = 2*l + 204. Calculate the greatest common factor of b and 20.
20
Let s(j) = 2*j - 38. Let z be s(27). Let a be ((-48)/5)/(18/(-120)). Calculate the greatest common factor of a and z.
16
Let v be 22/((-1)/(-6)*3). Suppose -4*h + b = -v, -5*h + 46 = b - 0*b. Calculate the highest common factor of 20 and h.
10
Let m be (-4)/(((-98)/(-77))/(-7)). Let x be 5920/90 + (-4)/(-18). Calculate the highest common divisor of x and m.
22
Let w be (23/((-69)/(-12)))/((-4)/(-2530)). What is the greatest common divisor of 110 and w?
110
Let o(j) be the third derivative of -j**5/60 - 11*j**4/24 - 4*j**3/3 - 12*j**2. Let n be o(-7). What is the highest common factor of n and 4?
4
Let r be (-208)/(-36) + (-6)/(-27). Let u be 45/r*(8 - 2). Let n be (-5)/(-2)*2/1. Calculate the highest common divisor of u and n.
5
Suppose 0 = 5*a - 64 - 1. Let d be (2/(-4))/(2/(-712)). Suppose -3*g = -9, -4*g + 120 + d = 2*f. What is the highest common divisor of a and f?
13
Suppose -16 + 1 = -3*v. Let t(b) = b**3 + 22*b**2 - 78*b - 40. Let g be t(-25). Calculate the highest common factor of v and g.
5
Suppose -1 = 2*u + 1, -w - 5 = 5*u. Suppose w = -2*s + 2 + 16. What is the highest common factor of 36 and s?
9
Let q be (1/8*2)/((-22)/(-176)). Suppose -q*v = 3*v - 10. What is the highest common factor of v and 6?
2
Suppose -249 + 2265 = 32*a. Calculate the greatest common divisor of 49 and a.
7
Suppose -71*m + 2 = -69*m, -3*n + 2*m + 229 = 0. What is the greatest common divisor of n and 1309?
77
Let p(v) = 0 + v**3 + 0 - 5*v + 3*v**2. Let i be (-99)/27 + 4/6 - -8. Let n be p(i). Calculate the highest common divisor of 25 and n.
25
Let s = -248 - -324. What is the greatest common factor of 152 and s?
76
Suppose 0 = -9*p + 4*p - a + 160, 2*a + 10 = 0. Let b = 45 - p. What is the greatest common factor of b and 96?
12
Let r(n) = 4*n**2 - n - 1. Let p be r(1). Suppose 0 = -2*g + 5*q + 106, -p*g - 3*q + 23 = -67. What is the highest common factor of 12 and g?
12
Let b = 4 + -7. Let z be (-11)/(b/(-3)*-1). Let h = z - -11. Calculate the greatest common factor of h and 55.
11
Suppose 0 = r - 1, a - 4*a = -r - 80. Let d be ((-15)/(-6))/(3/6). Suppose -d*p + a = -43. What is the highest common divisor of 154 and p?
14
Suppose -77*t + 19*t = -6438. What is the greatest common divisor of 407 and t?
37
Suppose 0*g - 31 = g. Let y = -4 - g. Suppose -3*w + 199 = -206. Calculate the highest common divisor of y and w.
27
Let k(g) = -g**2 - 13*g + 5. Let z be k(-8). Calculate the greatest common divisor of 495 and z.
45
Let g be (4/(-1*8))/((-2)/(-8)). Let a be 10/((-15)/(-6) + g). What is the greatest common factor of a and 160?
20
Let b(j) = -j + 18. Let a(p) = p**2 - 4*p - 1. Let k be a(3). Let t be b(k). What is the greatest common factor of 88 and t?
22
Suppose 210 + 612 = 3*d. Suppose 5*b - d = i, 0*b + 4*i = 2*b - 106. What is the greatest common divisor of b and 22?
11
Suppose 0 = -233*z + 221*z + 432. What is the highest common factor of 96 and z?
12
S